+ 3*v - 22 = o. Let h = 26 - v. What is the greatest common divisor of h and 16?
4
Suppose -5*n + 3*n + k = -168, -4*k = -4*n + 344. Suppose 0 = 3*g - n - 8. Let q = 12 - 6. What is the highest common divisor of g and q?
6
Let g(f) = -10*f + 687. Let i be g(67). Calculate the greatest common divisor of i and 2.
1
Let k = 31 - 24. Let m = k - 15. Let d be 119/9 - m/(-36). What is the highest common divisor of 13 and d?
13
Suppose 2*r = -4*p + 173 + 161, -165 = -r - 3*p. Let i(h) = -h**3 - 6*h**2 + 4*h - 2. Let c be i(-7). Calculate the highest common factor of c and r.
19
Let f(z) = 106*z - 7. Let c be f(-1). Let v be c/(-3) - (-5)/15. What is the greatest common factor of 190 and v?
38
Let b be 4/(-22) + 8/44. Let y be (-2)/1 - (b - 12). Let d = 48 + -18. What is the highest common factor of d and y?
10
Let x = 241 + -143. Suppose 5*b = 2*b + 168. Suppose -2*w - b = -6*w. What is the greatest common divisor of w and x?
14
Suppose 0 = 2*n - m - 20, 2*n + 5*m + 3 + 1 = 0. Suppose h = o + n, -3*h - o + 16 = -0*o. Suppose 2*p = h - 4. Calculate the greatest common divisor of p and 1.
1
Let d be 16 + 4*(-1)/3*3. What is the greatest common factor of d and 8?
4
Suppose -5*d + 24 = -4*a, -5*a = d + d - 3. Suppose -w + 1620 = 2*w. Suppose d*q - w + 180 = 0. Calculate the highest common divisor of 10 and q.
10
Let p(r) = r**3 + 5*r**2 + 4*r + 1. Let x be p(-3). Let k = 8 - x. Let o be (-24)/(-4) - (k + -3). What is the greatest common factor of o and 12?
4
Let q be 272 - (0/1)/2. Let y be (-4)/(-22) - 4115/(-165)*3. Let u = y - 41. Calculate the highest common divisor of u and q.
34
Suppose -3*l + 14 = w, 62 = -3*w + 6*w - l. What is the greatest common factor of w and 180?
20
Suppose -3*k = 2*w + k + 102, -w = 4*k + 57. Let j = 109 + w. Suppose p + p - j = 0. Calculate the greatest common divisor of p and 352.
32
Suppose -24 = 5*o - 244. Let u = 1310 - 1299. Calculate the highest common factor of u and o.
11
Suppose -5*a - 4*l = -a, 1 = -l. Let r(q) = 610*q**3 + q**2 + 2*q - 3. Let v be r(a). Calculate the highest common divisor of 61 and v.
61
Let l be (-122)/(-4)*2 + -1. Suppose 2*x - p - 40 = -10, 0 = 3*x - 4*p - 45. Calculate the greatest common factor of x and l.
15
Suppose -d + 140 = 5*p, 9*p - 6*p + 5*d - 84 = 0. What is the greatest common divisor of p and 294?
14
Let i(o) = o**2 + 17*o - 30. Let m be i(-16). Let h = m + 102. Let g = 14 - 7. What is the highest common divisor of h and g?
7
Suppose -2*h = 3*t + 9, -3*h - 18 = 3*t + 2*h. Let p be (t/3)/(11/(-132)). What is the highest common factor of p and 18?
2
Let g = -114 - -335. What is the greatest common factor of g and 17?
17
Suppose -68 = -2*r + 3*t, -7*r + 92 = -4*r - 2*t. Let v = r + -22. Suppose -4*i + 0*q + q = -119, i - q = 29. Calculate the highest common divisor of v and i.
6
Let p = 19 + -13. Suppose -3*a = -2*k - 56, -4*k - 10 = -p*k. What is the greatest common factor of 11 and a?
11
Let j = 974 - 534. Calculate the highest common divisor of 160 and j.
40
Suppose 3*g - 34 = -5*x, 2*g = 3*g + 2*x - 13. Let j be (18/g + -3)/1. Calculate the highest common divisor of 21 and j.
3
Let i(l) = l**3 + 2*l + 10. Let s(w) = -5*w + 20. Let f be s(4). Let v be i(f). What is the highest common factor of 4 and v?
2
Suppose -137 + 29 = 2*i. Let z be i*(-2 + -1)/9. What is the highest common factor of 30 and z?
6
Let b = 122 + -106. Let a(f) = 0*f - 4*f + 2*f + 3*f**2. Let s be a(2). Calculate the highest common divisor of s and b.
8
Suppose 0 = v - 3, 6*t - 153 = t - v. Let z(r) = 7*r**3 - 2*r**2 + 1. Let y be z(1). Suppose -24 = 2*p - y*p. Calculate the highest common divisor of t and p.
6
Let z = 17 - 13. Suppose 0 = -c - 3, 3*s + 2*s - z*c - 142 = 0. What is the highest common divisor of s and 13?
13
Let s be (123 - 3)/(-4 + 6). Calculate the greatest common divisor of s and 450.
30
Let j(o) = 4*o - 15*o + 7*o**2 + 4 - 6*o**2. Let n be j(9). Let k = n - -16. What is the greatest common divisor of k and 1?
1
Suppose 20 = 5*o, 155 + 9 = 4*b + o. Let r be (-154)/(-28) - (-1)/(-2). Calculate the greatest common factor of r and b.
5
Suppose 0*o + 4*l + 412 = 5*o, 2*o - 172 = 4*l. Suppose 12 + 32 = 4*a. Suppose w = 4*j - 34 - 7, -j + a = -w. Calculate the greatest common factor of o and j.
10
Suppose -2*l - 4*p = 2 + 2, -4*l - 3*p + 2 = 0. Let t be 2/6*(5 - l). Suppose -5*v + t + 19 = 0. Calculate the greatest common divisor of 2 and v.
2
Suppose 3*v - 7 = 2. Suppose -13 = -v*u - u - 5*s, 1 = 3*u - 5*s. Calculate the highest common factor of u and 8.
2
Let l = 21 + 57. Let u = l + -68. Suppose -3*s + 0*y = 4*y - 63, -2*s - y = -47. What is the highest common factor of s and u?
5
Let m(n) = 5*n - 2. Let l = 7 + -35. Let y be 8/l + 23/7. Let d be m(y). What is the greatest common factor of d and 26?
13
Let u(j) = -271*j + 41. Let n be u(-13). What is the highest common divisor of 33 and n?
33
Let c(f) = 4*f**2 - 21*f - 23. Let d be c(-1). Suppose 4 = 2*s - 2. Suppose -d*o - s*o + 40 = 0. Calculate the greatest common divisor of o and 32.
8
Let x(g) = -50*g - 1. Let h be x(-8). Calculate the highest common divisor of 21 and h.
21
Let d(o) = 4*o**2 + 5*o - 10. Let i be d(5). Suppose 2*q - 102 = 5*t, q - 3*t = -2*t + 48. Calculate the greatest common factor of i and q.
23
Let v = 13 - 449. Let c be 2/4 + v/(-8). Let j = -22 + 33. Calculate the highest common divisor of j and c.
11
Let p = 10351 - 10339. Let i be (-1406)/(-9) - (-2)/(-9). Calculate the highest common factor of i and p.
12
Let n be 30/7*112/12. Let b be ((-1 - -2) + -7)*(-8)/6. Calculate the greatest common divisor of b and n.
8
Suppose -9 = -3*n + 2*n. Let p = -38 + 93. Suppose n*a - 8*a - p = 0. Calculate the greatest common divisor of a and 5.
5
Suppose 0 = -89*b + 92*b - 3*q - 6582, 2*q + 6580 = 3*b. Calculate the greatest common factor of 16 and b.
16
Let v(b) = -3*b**2 + b + 6. Let g be v(4). Let c = g + 57. Let z be 97 + 2*(-2 - -1). What is the highest common factor of z and c?
19
Let h = -68 + 77. Let r(q) = 71*q**3 + 1. Let c be r(1). Calculate the highest common factor of h and c.
9
Let l be 12*(-30)/3*-10. Let m be ((-1)/(-2))/(8/l). What is the highest common divisor of m and 30?
15
Suppose -44720 = -128*j + 48*j. What is the highest common factor of j and 39?
13
Suppose -x - 2*x = 18. Let u = 33 - x. Calculate the highest common factor of 3 and u.
3
Let v(h) = 52*h - 7. Let w = 33 + -32. Let d be v(w). What is the greatest common divisor of d and 225?
45
Suppose -67*s + 49*s = -4896. Calculate the highest common factor of 17 and s.
17
Let p(s) = -s**3 + 2*s**2 + 3*s + 1. Let r be p(3). Let k(y) = -33*y - 487. Let g be k(-15). Calculate the highest common factor of r and g.
1
Let b(s) = 16*s**2 + 15*s + 34. Let n be b(-2). Calculate the greatest common divisor of n and 2.
2
Suppose x = 2*m - 199, -486 = -4*m - 5*x - 81. Calculate the greatest common divisor of 280 and m.
20
Let v be -3*(2/8 - 21/(-28)). Let b(a) = 5*a**2 - 2*a - 6. Let h be b(v). What is the highest common divisor of h and 27?
9
Suppose 10*k - 36 = 7*k. Calculate the greatest common divisor of k and 24.
12
Let s = 32 - 19. Suppose -2*w = -3*w + 5*a + s, -w = 4*a - 22. What is the highest common factor of w and 90?
18
Let h(n) = 43*n - 68. Let o be h(5). What is the greatest common divisor of o and 63?
21
Let z(l) = -l**2 - 15*l - 9. Let j be z(-12). Let v = -4 + 4. Suppose v = f - 5*f + 36. Calculate the greatest common factor of f and j.
9
Suppose i - 5 = 0, 104 = -4*c + 2*c - 2*i. Let t = -42 - c. What is the greatest common divisor of t and 45?
15
Suppose -5*k = 3*q - q - 18, 45 = 5*q - 3*k. What is the highest common factor of q and 1503?
9
Let l(w) = -18*w + 3 - 9 + 10. Let z be 2/((-2)/(-6)*-2). Let q be l(z). Calculate the highest common divisor of 29 and q.
29
Suppose 601 = 5*p + 4*w, -5*p + w = -4*w - 610. Let m be 1/((-92)/30 + 3). Let q = 26 + m. Calculate the greatest common factor of q and p.
11
Let p = -6 - -16. Let z be ((-8)/3)/((-22)/33). What is the highest common divisor of z and p?
2
Suppose -4*r + 2013 = -7. Suppose 5*p - 1367 = -3*k, 322 + r = 3*p - 5*k. Let i = p - 194. Calculate the highest common factor of 16 and i.
16
Let y = 15 - 7. Let x be 0*(-4)/8 + 1. Calculate the greatest common factor of y and x.
1
Let v be (2000/140